*x + 4. Give r(-3).
-26
Let q(c) = -2*c + 7. Give q(3).
1
Let l(n) = n**2 - 16*n + 45. Determine l(11).
-10
Let r(g) = -2*g**3 - 2*g**2 - 4*g - 11. Calculate r(-2).
5
Let i(o) = -o**2 + 10*o - 3. Calculate i(11).
-14
Let k(l) = 4*l**3 + 3*l**2 - 2*l - 3. Determine k(-3).
-78
Let d(h) = -2*h**2 + 8*h - 4. Give d(7).
-46
Let u(y) = y**3 - 4*y**2 + 4*y + 5. Determine u(4).
21
Let g(x) = x**3 - 15*x**2 - 15*x - 18. Determine g(16).
-2
Let z(l) = -l**3 - 6*l**2 + 3*l - 2. What is z(-6)?
-20
Let k(q) = -q**2 + 4*q - 10. What is k(2)?
-6
Let q(n) = -n**2 + 24*n - 14. Calculate q(16).
114
Let a(o) = 25*o + 59. Calculate a(-4).
-41
Let l(i) = -i**3 - 27*i**2 + 29*i + 26. Determine l(-28).
-2
Let n(v) = v + 1. Determine n(3).
4
Let p(d) = d**3 + 4*d**2 - 2*d - 4. What is p(-3)?
11
Let b(o) = 3*o - 35. Determine b(10).
-5
Let q(u) = -u**2 - 3*u - 37. Calculate q(0).
-37
Let i(d) = -d**3 + 7*d**2 + d - 12. Determine i(5).
43
Let v(g) = 4*g**3 - 30*g**2 - 17*g + 8. What is v(8)?
0
Let g(a) = -3*a + 21. Calculate g(-13).
60
Let x(t) = t**3 + 8*t**2 - 2*t - 15. What is x(-8)?
1
Let x(k) = -2*k**3 - 19*k**2 - 30*k - 46. Determine x(-8).
2
Let w(t) = t**3 - 4*t - 4. Calculate w(-4).
-52
Let v(y) = 2*y + 17. Give v(-4).
9
Let j(c) = 5*c**2 + 8*c + 11. What is j(-4)?
59
Let o(b) = -2*b + 70. What is o(38)?
-6
Let y(i) = i**2 + 7*i - 3. Give y(-5).
-13
Let x(h) = -h**3 - h**2 + 5*h + 6. Give x(-3).
9
Let q(h) = h**2 - 24*h + 20. Determine q(18).
-88
Let c(b) = -b**3 + 15*b**2 - 36. Calculate c(15).
-36
Let n(k) = k**2 + 5*k - 3. What is n(-6)?
3
Let g(w) = -w**2 + 12*w + 36. Calculate g(14).
8
Let j(k) = -5*k + 2. Determine j(-3).
17
Let z(r) = 31*r + 219. Calculate z(-7).
2
Let n(a) = 108*a + 540. Determine n(-5).
0
Let h(z) = z - 19. Give h(15).
-4
Let t(p) = p**3 - 17*p**2 - 56*p - 88. Calculate t(20).
-8
Let r(y) = y**2 - 8*y + 13. Give r(7).
6
Let l(u) = u**2 - 6*u + 16. What is l(11)?
71
Let m(b) = b**3 + 4*b**2 - 11*b + 6. Calculate m(-6).
0
Let u(s) = -6*s + 31. Calculate u(5).
1
Let p(j) = 5*j + 12. Calculate p(-8).
-28
Let d(b) = -b**2 - 18*b + 33. Give d(-20).
-7
Let q(n) = 100*n + 199. What is q(-2)?
-1
Let s(q) = q**3 + 17*q**2 + 19*q + 7. What is s(-16)?
-41
Let h(k) = -7*k**3 - 2*k**2 - 2*k - 1. What is h(-1)?
6
Let s(w) = -w + 3. Give s(4).
-1
Let z(l) = -l**2 + 2*l + 24. Give z(0).
24
Let b(r) = 2*r + 54. Give b(19).
92
Let b(w) = -w**3 + 10*w**2 - 11*w - 5. Calculate b(8).
35
Let j(a) = a + 13. What is j(1)?
14
Let a(f) = -2*f**2 - 2*f + 6. Give a(0).
6
Let q(z) = z**3 + 35*z**2 - 76*z - 69. Calculate q(-37).
5
Let v(l) = -5*l + 17. Calculate v(7).
-18
Let r(w) = 12*w - 9. Calculate r(6).
63
Let d(l) = 6*l - 41. Give d(6).
-5
Let d(y) = y**2 + 2*y + 5. Give d(4).
29
Let m(d) = -d**2 + d + 3. Give m(-2).
-3
Let o(q) = 9*q**2 + 13*q - 3. Give o(-2).
7
Let i(r) = 4*r**2 + 36*r - 26. Give i(-10).
14
Let t(d) = d**3 + 11*d**2 - 3*d - 24. Calculate t(-11).
9
Let l(j) = 2*j**2 - 6*j + 4. Calculate l(5).
24
Let f(v) = -13*v**2 + v. Give f(1).
-12
Let p(d) = -d**3 + 10*d**2 - 10*d - 9. Determine p(9).
-18
Let q(r) = r + 19. Determine q(-19).
0
Let k(p) = 13*p - 36. What is k(0)?
-36
Let k(h) = h + 1. What is k(-11)?
-10
Let r(x) = -3*x + 1. What is r(1)?
-2
Let a(u) = -u**3 - 3*u**2 + 24*u + 48. Give a(-2).
-4
Let s(p) = 4*p + 5. Determine s(-1).
1
Let k(v) = v - 26. Calculate k(7).
-19
Let d(h) = -5*h - 5. Determine d(6).
-35
Let i(a) = a**3 - 8*a**2 + 11*a + 19. Give i(7).
47
Let m(y) = -y**3 - 14*y**2 + 13*y - 33. What is m(-15)?
-3
Let y(t) = 26*t + 255. What is y(-9)?
21
Let b(n) = n**3 + 38*n**2 - 36*n + 120. What is b(-39)?
3
Let y(v) = -v**3 - 11*v**2 - 25*v - 16. What is y(-8)?
-8
Let q(f) = f. Calculate q(-3).
-3
Let b(r) = r**3 - 20*r**2 - 17*r - 48. Give b(21).
36
Let o(x) = 2*x - 16. Determine o(12).
8
Let y(t) = t**3 - 11*t**2 - 6*t - 58. Give y(12).
14
Let x(f) = f**2 + 10*f - 2. What is x(-6)?
-26
Let c(q) = q**2 + 6*q - 14. Give c(-7).
-7
Let a(g) = g**2 + 4*g - 13. What is a(0)?
-13
Let m(o) = o + 6. Give m(-2).
4
Let t(g) = -g**2 - 23*g - 9. Determine t(-23).
-9
Let w(s) = -s**3 + 17*s**2 - 16*s + 24. What is w(16)?
24
Let n(j) = j**3 - 2*j**2 - 4*j + 1. Calculate n(4).
17
Let p(m) = m**3 - 3*m**2 - 5*m - 4. Calculate p(5).
21
Let z(j) = -j**3 + 13*j**2 - 43*j + 19. What is z(5)?
4
Let i(o) = 9*o. What is i(-3)?
-27
Let y(i) = -9*i**2 - 9*i + 5. Determine y(3).
-103
Let q(l) = -3*l**3 + 2*l**2 + 3*l - 4. Calculate q(-3).
86
Let q(w) = 2*w + 3. What is q(-2)?
-1
Let v(i) = i**3 + 30*i**2 - 68*i - 127. What is v(-32)?
1
Let a(l) = 2*l**3 - 2*l**2 - 28*l + 16. What is a(4)?
0
Let h(v) = v**3 + 14*v**2 - 17*v + 17. Calculate h(-15).
47
Let l(x) = 6*x + 69. Determine l(-11).
3
Let g(x) = -x + 30. What is g(15)?
15
Let h(u) = -3*u**2 + 3*u - 12. Give h(-5).
-102
Let q(z) = 152*z - 910. What is q(6)?
2
Let c(n) = -n**2 - 5*n - 4. Calculate c(-4).
0
Let v(y) = -y**3 - 35*y**2 + 35*y - 35. What is v(-36)?
1
Let s(j) = j**3 + 9*j**2 - 25*j - 29. Calculate s(-11).
4
Let y(i) = 16*i - 47. Determine y(4).
17
Let o(d) = d**2 + d - 11. Give o(-5).
9
Let m(b) = -b**3 + 5*b**2 + 3*b + 3. Calculate m(6).
-15
Let p(h) = h**3 - 16*h**2 + 19*h - 2. What is p(15)?
58
Let r(g) = -27*g + 6. Determine r(3).
-75
Let x(t) = 2*t**3 - 17*t**2 - 11*t + 9. Determine x(9).
-9
Let n(o) = 2*o + 13. What is n(-12)?
-11
Let u(g) = 3*g**2 + 23*g + 12. Give u(-7).
-2
Let d(y) = -y**2 + 13*y + 2. Give d(12).
14
Let f(c) = -16*c + 12. Give f(1).
-4
Let w(f) = -f**2 + 35*f + 81. What is w(38)?
-33
Let o(h) = h**3 + 6*h**2 - 5*h - 3. What is o(-7)?
-17
Let s(a) = -a**2 + 13*a + 1. Give s(14).
-13
Let g(u) = 2*u**3 - u**2 - 4*u + 1. Give g(2).
5
Let j(s) = -2*s - 48. Give j(-21).
-6
Let b(z) = -2*z**3 - z**2 + 3*z + 1. Calculate b(-2).
7
Let f(i) = i**2 - 3*i - 90. Give f(-8).
-2
Let m(s) = -s**3 - 3*s**2 - s + 2. Give m(-3).
5
Let r(m) = m**3 - 2*m**2 - 4*m - 6. Calculate r(-3).
-39
Let l(a) = -a**3 - 15*a**2 - 22*a + 41. Determine l(-13).
-11
Let u(m) = 56*m**3 - 4*m**2 + 3. Determine u(1).
55
Let x(i) = -2*i**2 + 13*i - 12. Give x(5).
3
Let r(z) = -z**3 + 6*z**2 - 2*z + 2. Determine r(5).
17
Let r(b) = 16*b. Determine r(-5).
-80
Let n(j) = j**2 - 5*j + 3. What is n(3)?
-3
Let n(w) = 79*w - 403. Give n(5).
-8
Let j(y) = y**3 - 16*y**2 + 2*y - 32. Determine j(16).
0
Let y(c) = c**2 - 9*c - 12. Determine y(9).
-12
Let c(p) = p**3 + 19*p**2 + 18*p + 6. What is c(-18)?
6
Let l(a) = a**2 + 6*a + 16. What is l(-3)?
7
Let b(f) = -14*f + 463. Give b(32).
15
Let q(l) = -l + 7. What is q(0)?
7
Let t(h) = 37*h + 232. Calculate t(-7).
-27
Let q(r) = r**3 - 5*r**2 - 7*r - 3. Calculate q(6).
-9
Let c(n) = n**2 - 12*n - 158. What is c(20)?
2
Let r(b) = b**3 + 16*b**2 + 14*b - 12. Calculate r(-15).
3
Let t(p) = -3*p - 84. Determine t(-22).
-18
Let h(u) = -u**3 - 19*u**2 - 29*u + 79. Calculate h(-17).
-6
Let l(s) = 2*s**2 - 4*s - 1. What is l(-4)?
47
Let m(p) = -8*p**2 + 2*p + 2. Give m(1).
-4
Let p(s) = -8*s**2 - 2. Calculate p(-1).
-10
Let f(o) = o**3 + 16*o**2 - 2*o - 16. Determine f(-16).
16
Let z(d) = -d**3 - 6*d**2 + 2*d + 3. Calculate z(-6).
-9
Let x(w) = -5*w + 6. What is x(-6)?
36
Let j(c) = 59*c**2 - 3*c + 2. Determine j(1).
58
Let l(d) = d**3 - 5*d**2 - 13*d - 12. Determine l(6).
-54
Let y(n) = 2*n**2 - 43*n + 234. Determine y(9).
9
Let u(s) = s + 3. Determine u(6).
9
Let u(d) = -d**3 - 9*d**2 - 12*d - 10. Give u(-8).
22
Let x(g) = -72*g + 4. What is x(1)?
-68
Let m(r) = -3*r + 22. Determine m(8).
-2
Let a(x) = -2*x**2 + 13*x + 19. What is a(-2)?
-15
Let r(m) = m**3 + 4*m**2 - m - 1. Give r(-4).
3
Let u(h) = -2*h**2 + 5*h + 11. Give u(6).
-31
Let i(j) = 2*j - 32. What is i(0)?
-32
Let k(v) = -4*v + 82. Determine k(20).
2
Let w(v) = -v**3 + 3*v**2 + 9*v - 23. Calculate w(4).
-3
Let u(n) = -n**2 - 12*n - 12. Determine u(-10).
8
Let i(a) = -a**2 + 7*a - 11. Calculate i(6).
-5
Let z(k) = 6*k - 2. Determine z(-2).
-14
Let h(o) = -o**2 - 18*o + 362. Give h(-30).
2
Let u(h) = -9*h - 2. Give u(-3).
25
Let z(c) = -c**2 + 6*c + 40. Give z(8).
24
Let f(w) = -w**2 + 12*w + 6. Give f(12).
6
Let m(j) = j**3 + 11*j**2 - 26*j - 21. Determine m(-13).
-21
Let z(k) = -9*k. Calculate z(3).
-27
Let i(b) = b**3 + 13*b**2 + 10*b - 22. What is i(-12)?
2
Let z(a) = a - 7. Calculate z(-21).
-28
Let i(s